me factors of p.
4231
Suppose -4*n + 32 = -4*x, n - 6*n + 34 = -3*x. Suppose -3*o = -n*q + 2*o - 15, -5*q + 2*o - 15 = 0. List the prime factors of (2 + q/2)/(2/32).
2
Suppose 5 = 5*w + s, 2 = -3*w + 5*w + 3*s. Let o(m) = 14*m**2 - 1. Let v be o(w). Suppose 0 = -v*u + 8*u + 515. What are the prime factors of u?
103
Let t(x) = 12*x**2 - 141*x - 164. What are the prime factors of t(54)?
2, 11, 1237
Let l = 5885 + -5137. Suppose -4*s = -3*r + 432 - 6, 0 = 5*r - 4*s - 710. Suppose 6*o + r = l. List the prime factors of o.
101
Let x(p) = 473*p**2 - 2*p - 1. Let g be (16/(-12))/(28/(-21)). List the prime factors of x(g).
2, 5, 47
Let c(f) = 12*f + 5. Let a be c(5). Let n be (-6)/(-27) + 1186/9. Let s = n - a. What are the prime factors of s?
67
Suppose 5*u + s = -661, 4*u - 5*s = -838 + 315. Let g be ((-6)/(-8))/((-11)/u). Suppose -3*w - g = -267. What are the prime factors of w?
2, 43
Let a(p) = -21*p**2 - p - 4. Let m(d) = -2*d - 34. Let s be m(-21). Let h be a(s). List the prime factors of (-4)/3 + h*(-18)/81.
2, 3, 5
Let n(c) = c**3 + 36*c**2 - 26*c - 329. What are the prime factors of n(-27)?
2, 3467
Suppose -394 - 134 = p. Let g = 1247 + p. List the prime factors of g.
719
Suppose 0 = p + 2*p + 5*v - 22944, 2*v = -4*p + 30592. List the prime factors of p.
2, 239
What are the prime factors of 776649/58 - 9/(-2)?
3, 5, 19, 47
Suppose -38*l + 5330 = -93228 - 564200. List the prime factors of l.
107, 163
Let c(s) = 126*s**2 + 34*s + 123. What are the prime factors of c(-7)?
73, 83
Let i(o) = 6*o**2 + o - 10. Let m be (68/(-17))/((-2)/8). Suppose 4*j = 8*j - m. List the prime factors of i(j).
2, 3, 5
Let i(f) = -f**3 + 15*f**2 - 9*f + 19. Let s be i(13). Suppose -4*d + 79 = -5*b - s, 67 = d + 3*b. Suppose -7*m = d - 461. What are the prime factors of m?
5, 11
Let q(a) = 15*a**2 + 13*a - 69. Let v be q(-9). Let b = 2148 - v. What are the prime factors of b?
3, 373
Let s(h) be the second derivative of -61*h**3/6 + 91*h**2/2 - 2*h - 149. What are the prime factors of s(-9)?
2, 5
Let z be (-16)/2*207270/(-24). What are the prime factors of (12/(-5))/((-84)/z) + -4?
2, 5, 197
Let i = -16364 - -22302. What are the prime factors of i?
2, 2969
Let k = -34 + 32. Let p be -1*k/(-2)*-1*5. Suppose h - 1 = -0*h, p*s + 2*h - 402 = 0. List the prime factors of s.
2, 5
Suppose 5*c + 15 = -4*g, -2*g - 2*c = -5*c - 9. Suppose 3*n + 2*n + n = g. List the prime factors of (37 - (0 + n))*108/36.
3, 37
Suppose -o = 162 - 164. What are the prime factors of (2/(-3))/o + 80752/147?
3, 61
Let c = -2721 - -17271. What are the prime factors of c?
2, 3, 5, 97
Suppose 4*i + 91 = 3*w, w - 35 = i - 4. Suppose 5*k = 3*a + 31 + 28, w = 3*k - a. List the prime factors of (48/k)/(-2 - (-244)/120).
2, 3
Let d(s) = -s**3 + 22*s**2 - 8*s - 61. Let w be d(19). Suppose 8*r - w = 2*r. What are the prime factors of r?
5, 29
Suppose 64*g - 16 = 60*g. List the prime factors of g/((-16)/124)*(-14 + 7).
7, 31
Let z(f) = f**3 + 7*f**2 + 14*f + 22. Let j be z(-5). Suppose -2*h - c = -980, -h + 490 = j*c + 3*c. What are the prime factors of h?
2, 5, 7
Let b = 5252 + -3481. Suppose 1353 = 3*d - a, -a = 4*d - b - 40. What are the prime factors of d?
2, 113
Let n = -171 + 179. Suppose -4*f - 13*q + 1543 = -n*q, -2*f - 4*q = -770. What are the prime factors of f?
3, 43
Suppose 0 = o - 5*h - 398, 2*h - 6 + 0 = 0. Let w = o - 290. What are the prime factors of w?
3, 41
Let s = -923 - -1. Let f = -610 - s. List the prime factors of f.
2, 3, 13
Suppose -q - 3*u = 4*q + 13829, -q - 2755 = -3*u. Let f = -1674 - q. What are the prime factors of f?
2, 5, 109
List the prime factors of -7 - (1*-28063 + (-35)/5).
7, 19, 211
Suppose 141*w - 2290864 - 1006405 = 3093274. What are the prime factors of w?
61, 743
Let g = -265 + 288. Suppose 0 = g*l - 6400 - 1167. What are the prime factors of l?
7, 47
Let m(d) be the third derivative of -5/2*d**3 + 0*d + 13*d**2 + 0 - 13/60*d**5 + 11/12*d**4 - 1/120*d**6. List the prime factors of m(-15).
3, 5, 7
Let k = 337 + -193. Suppose -3*i + i = 4*v - 80, 0 = 5*i - 4*v - k. List the prime factors of i.
2
Let d(g) = -2*g**3 - 16*g**2 - g - 7. Let v(i) = i**2 - 3*i - 3. Let x be v(-1). Let f be (18/12)/((x/6)/(-1)). List the prime factors of d(f).
2, 41
Suppose 2*o + 570 - 1522 = 0. Let k be o/2 + (-30)/10. Suppose 2*b = 3*n + b - k, 0 = -4*n - 5*b + 345. List the prime factors of n.
2, 5
Suppose -58 = -4*l - 42, 0 = 2*v + 2*l - 16. What are the prime factors of 14*(4 - (-292)/v)?
2, 7, 11
Suppose 2*t = -0*t + 118. Let n = 106 - t. Suppose -b = 4*u - 232, 3*b = -u - 0*b + n. What are the prime factors of u?
59
Suppose 9 = -5*z - 16. List the prime factors of 84/(-140) + (-913)/z.
2, 7, 13
Let h = -26484 + 44412. List the prime factors of h.
2, 3, 83
Let s = 6 - 3. Let d(i) = -2*i**2 + 39*i + 25. Let m be d(20). Suppose -r + 4*y + 12 = s, 0 = 2*r - m*y - 24. List the prime factors of r.
17
Let b = -10878 + 23330. List the prime factors of b.
2, 11, 283
Let c be ((-1)/2)/(-4 + 195/50). Suppose -c*y = -2*y - 390. Suppose -78 = -3*d - 2*i, -d + 6*d = -i + y. What are the prime factors of d?
2, 13
What are the prime factors of ((-36)/(-5))/(372/121830)?
2, 3, 131
Suppose -17*a = -29*a + 8592. Suppose -4*z + 23*r = 18*r - 2873, 0 = z + r - a. What are the prime factors of z?
3, 239
Let s(p) = -6*p - 3*p**2 - 4*p**2 - 3*p + 6*p**2. Let h be s(-8). Suppose 0 = 7*w - h*w + 63. What are the prime factors of w?
3, 7
Let s(b) = 5*b**2 + 15*b + 5 - 2*b**2 + b**2 - 572*b**3 - 10*b. What are the prime factors of s(-1)?
2, 3
Suppose 3*l - 363 = -2*v, l + 336 = -5*v + 1211. Suppose -219 = -5*a - q, -v = -29*a + 25*a - 2*q. List the prime factors of a.
2, 11
Let i(b) = b**2 + 1. Let w be (-2)/9 + 28/(-36). Let q(o) = -7*o**2 + 3*o - 22. Let p(j) = w*q(j) - 5*i(j). List the prime factors of p(9).
2, 19
Let h(w) = 576*w - 224. Let b(x) = -289*x + 112. Let f(y) = -5*b(y) - 2*h(y). What are the prime factors of f(4)?
2, 5, 53
Let r = 215 + -2. Suppose 1770 = 218*h - r*h. List the prime factors of h.
2, 3, 59
Suppose 4*k - 3*d = 197, 2*k + d = -3*k + 270. Let c = 12 - k. Let i = c + 62. List the prime factors of i.
3, 7
Let w = 80 + -72. Suppose 2*r = 2*c - c + 14, w = 4*c. Suppose -r*u = -2*u - 762. What are the prime factors of u?
127
Suppose 600*d - 23351 = 599*d + 4*q, d - 2*q = 23351. List the prime factors of d.
19, 1229
Let c = 19034 + -16691. What are the prime factors of c?
3, 11, 71
Let c(x) = 117*x**2 - 116*x + 1218. List the prime factors of c(16).
2, 14657
Suppose -36 = -116*j + 110*j. Let c(o) = 29*o**2 - 10*o + 13. List the prime factors of c(j).
997
Let v = -409 + 2374. List the prime factors of v.
3, 5, 131
Let a = -228 + 232. Let w(j) = 7*j**3 + 11*j - 27. List the prime factors of w(a).
3, 5, 31
Let q(h) = h**3 + 13*h**2 + 6. Let y be q(-13). Let a be 2*y/(3 - 6). What are the prime factors of 18/((a/(-20))/1)?
2, 3, 5
Let o(y) = -65*y - 5. Let s be o(-1). Suppose -2*g + 2*l = -s, 0 = -g + 3*l + 21 + 1. Suppose 4*x = -2*k + g, 3*k = x + 4 + 40. List the prime factors of k.
3, 5
Let n = 1149 - 780. Let c = 673 - n. What are the prime factors of c?
2, 19
What are the prime factors of (174/203)/((-3)/(-106484) - 0) - 2?
2, 7, 41, 53
Let c(g) = 192*g + 164*g - 15 - 1 - 1 + 143*g. What are the prime factors of c(3)?
2, 5, 37
Let c(r) = 18*r**3 - 3*r**2 - 7*r + 2. Suppose 39*y = 107 + 10. What are the prime factors of c(y)?
2, 5, 11
What are the prime factors of 1/(((-15)/5)/(-37896))?
2, 1579
Suppose 512 = 4*l - a - 3*a, 4*l - 513 = 3*a. Suppose -5*x + 5*f + 123 = -3*x, -2*x = f - l. List the prime factors of 4/(-6) + x/24 - -89.
7, 13
Let u(b) be the first derivative of b**2/2 - 7*b - 10. Let t be u(7). Suppose t = -a, -38 - 19 = -3*n - a. List the prime factors of n.
19
Suppose -2*n + c = -91 + 23, 24 = n - 3*c. List the prime factors of 8/n - (-5828)/18.
2, 3
Suppose -14733 = -5*n - j, 0 = -n - j + 424 + 2525. List the prime factors of n.
2, 3, 491
Let o(v) be the second derivative of 7*v**4/12 - 7*v**3/3 + 10*v**2 + 7*v. List the prime factors of o(6).
2, 47
Suppose 12*a - 11*a = 596. Suppose -6*v + 4*v + 581 = -y, -a = -2*v + 4*y. Suppose 29*g - v = 27*g. What are the prime factors of g?
2, 3
Let x(c) = -c**3 - 52*c**2 - 140*c - 167. List the prime factors of x(-53).
2, 3, 13, 4